{"id":2594,"date":"2026-01-27T00:41:36","date_gmt":"2026-01-27T00:41:36","guid":{"rendered":"https:\/\/identimax.com.py\/index.php\/product\/true-colours-ix-series-zxp-serie-7\/"},"modified":"2026-02-09T21:12:12","modified_gmt":"2026-02-09T21:12:12","slug":"true-colours-ix-series-zxp-serie-7","status":"publish","type":"product","link":"https:\/\/identimax.com.py\/?product=true-colours-ix-series-zxp-serie-7","title":{"rendered":"True Colours\u00ae ix Series ZXP Serie 7"},"content":{"rendered":"<p>Disponibles en cartuchos de alta capacidad para reducir las paradas de m\u00e1quina:<\/p>\n<ul>\n<li><strong>800077-740:<\/strong> YMCKO Est\u00e1ndar (250 img).<\/li>\n<li><strong>800077-742:<\/strong> YMCKO Alta Capacidad (750 img) &#8211; \u00a1El m\u00e1s eficiente!<\/li>\n<li><strong>800077-748:<\/strong> YMCKOK (250 img) &#8211; Color frente \/ Negro dorso.<\/li>\n<li><strong>800077-711:<\/strong> Negro Monocromo (5000 img) &#8211; Costo por tarjeta \u00ednfimo.<\/li>\n<\/ul>\n","protected":false},"excerpt":{"rendered":"<p><strong>Alta capacidad para producci\u00f3n industrial.<\/strong><br \/>\nDise\u00f1adas para la impresora de alto rendimiento ZXP 7. Estas cintas ix Series ofrecen una formulaci\u00f3n qu\u00edmica mejorada para imprimir a velocidades extremas sin perder calidad. Ideales para bur\u00f3s de servicio y emisi\u00f3n masiva.<\/p>\n","protected":false},"featured_media":3169,"template":"","meta":{"_joinchat":[]},"product_brand":[70],"product_cat":[72],"product_tag":[356],"class_list":{"0":"post-2594","1":"product","2":"type-product","3":"status-publish","4":"has-post-thumbnail","6":"product_brand-zebra","7":"product_cat-insumos","8":"product_tag-tarjetas","10":"first","11":"instock","12":"shipping-taxable","13":"product-type-simple"},"_links":{"self":[{"href":"https:\/\/identimax.com.py\/index.php?rest_route=\/wp\/v2\/product\/2594","targetHints":{"allow":["GET"]}}],"collection":[{"href":"https:\/\/identimax.com.py\/index.php?rest_route=\/wp\/v2\/product"}],"about":[{"href":"https:\/\/identimax.com.py\/index.php?rest_route=\/wp\/v2\/types\/product"}],"wp:featuredmedia":[{"embeddable":true,"href":"https:\/\/identimax.com.py\/index.php?rest_route=\/wp\/v2\/media\/3169"}],"wp:attachment":[{"href":"https:\/\/identimax.com.py\/index.php?rest_route=%2Fwp%2Fv2%2Fmedia&parent=2594"}],"wp:term":[{"taxonomy":"product_brand","embeddable":true,"href":"https:\/\/identimax.com.py\/index.php?rest_route=%2Fwp%2Fv2%2Fproduct_brand&post=2594"},{"taxonomy":"product_cat","embeddable":true,"href":"https:\/\/identimax.com.py\/index.php?rest_route=%2Fwp%2Fv2%2Fproduct_cat&post=2594"},{"taxonomy":"product_tag","embeddable":true,"href":"https:\/\/identimax.com.py\/index.php?rest_route=%2Fwp%2Fv2%2Fproduct_tag&post=2594"}],"curies":[{"name":"wp","href":"https:\/\/api.w.org\/{rel}","templated":true}]}}