{"id":2579,"date":"2026-01-27T00:36:57","date_gmt":"2026-01-27T00:36:57","guid":{"rendered":"https:\/\/identimax.com.py\/index.php\/product\/monitor-tactil-elo-pay-22%c2%a8\/"},"modified":"2026-02-02T13:52:01","modified_gmt":"2026-02-02T13:52:01","slug":"monitor-tactil-elo-pay-22%c2%a8","status":"publish","type":"product","link":"https:\/\/identimax.com.py\/?product=monitor-tactil-elo-pay-22%c2%a8","title":{"rendered":"Monitor t\u00e1ctil Elo Pay 22\u00a8"},"content":{"rendered":"<p>Perfecto para \u00abEndless Aisle\u00bb (pasillo infinito) donde los clientes pueden navegar por todo tu cat\u00e1logo online en la tienda f\u00edsica. Su superficie de vidrio de borde a borde es f\u00e1cil de limpiar y resistente al uso p\u00fablico constante.<\/p>\n<p>Se puede montar en pared, poste o mesa, adapt\u00e1ndose a cualquier configuraci\u00f3n de tienda moderna.<\/p>\n","protected":false},"excerpt":{"rendered":"<p><strong>Gran formato para autoservicio y carteler\u00eda interactiva.<\/strong><br \/>\nImpact\u00e1 a tus clientes con una pantalla de 22 pulgadas que invita a interactuar. Este monitor t\u00e1ctil de la l\u00ednea Elo Pay est\u00e1 preparado para integrar perif\u00e9ricos de pago, convirti\u00e9ndose en un kiosco de autoservicio delgado y elegante.<\/p>\n","protected":false},"featured_media":3006,"template":"","meta":{"_joinchat":[]},"product_brand":[335],"product_cat":[79],"product_tag":[334],"class_list":{"0":"post-2579","1":"product","2":"type-product","3":"status-publish","4":"has-post-thumbnail","6":"product_brand-elo","7":"product_cat-pos","8":"product_tag-elo","10":"first","11":"instock","12":"shipping-taxable","13":"product-type-simple"},"_links":{"self":[{"href":"https:\/\/identimax.com.py\/index.php?rest_route=\/wp\/v2\/product\/2579","targetHints":{"allow":["GET"]}}],"collection":[{"href":"https:\/\/identimax.com.py\/index.php?rest_route=\/wp\/v2\/product"}],"about":[{"href":"https:\/\/identimax.com.py\/index.php?rest_route=\/wp\/v2\/types\/product"}],"wp:featuredmedia":[{"embeddable":true,"href":"https:\/\/identimax.com.py\/index.php?rest_route=\/wp\/v2\/media\/3006"}],"wp:attachment":[{"href":"https:\/\/identimax.com.py\/index.php?rest_route=%2Fwp%2Fv2%2Fmedia&parent=2579"}],"wp:term":[{"taxonomy":"product_brand","embeddable":true,"href":"https:\/\/identimax.com.py\/index.php?rest_route=%2Fwp%2Fv2%2Fproduct_brand&post=2579"},{"taxonomy":"product_cat","embeddable":true,"href":"https:\/\/identimax.com.py\/index.php?rest_route=%2Fwp%2Fv2%2Fproduct_cat&post=2579"},{"taxonomy":"product_tag","embeddable":true,"href":"https:\/\/identimax.com.py\/index.php?rest_route=%2Fwp%2Fv2%2Fproduct_tag&post=2579"}],"curies":[{"name":"wp","href":"https:\/\/api.w.org\/{rel}","templated":true}]}}