{"id":2570,"date":"2026-01-27T00:27:22","date_gmt":"2026-01-27T00:27:22","guid":{"rendered":"https:\/\/identimax.com.py\/index.php\/product\/camara-box-axis-q16\/"},"modified":"2026-01-27T15:34:53","modified_gmt":"2026-01-27T15:34:53","slug":"camara-box-axis-q16","status":"publish","type":"product","link":"https:\/\/identimax.com.py\/?product=camara-box-axis-q16","title":{"rendered":"C\u00e1mara Box Axis Q16"},"content":{"rendered":"<p>Cuando la calidad de imagen es lo \u00fanico que importa, la Q16 es la reina. Equipada con sensores de gran tama\u00f1o y las tecnolog\u00edas m\u00e1s avanzadas de Axis (Lightfinder 2.0, Forensic WDR), captura patentes y rostros con claridad cristalina incluso cuando hay luces altas de frente o sombras profundas.<\/p>\n<p>Su formato de caja permite usar lentes especializados (teleobjetivos, gran angulares) y carcasas protectoras para cualquier ambiente.<\/p>\n","protected":false},"excerpt":{"rendered":"<p><strong>Rendimiento superior para condiciones de luz dif\u00edciles.<\/strong><br \/>\nLa serie Q16 es una c\u00e1mara tipo \u00abcaja\u00bb tradicional dise\u00f1ada para entregar la mejor imagen posible. Es ideal para control de tr\u00e1fico o entradas de t\u00faneles donde el contraluz es extremo. Permite cambiar el lente seg\u00fan la necesidad espec\u00edfica.<\/p>\n","protected":false},"featured_media":2631,"template":"","meta":{"_joinchat":[]},"product_brand":[352],"product_cat":[77],"product_tag":[351],"class_list":{"0":"post-2570","1":"product","2":"type-product","3":"status-publish","4":"has-post-thumbnail","6":"product_brand-axis","7":"product_cat-camaras","8":"product_tag-axis","10":"first","11":"instock","12":"shipping-taxable","13":"product-type-simple"},"_links":{"self":[{"href":"https:\/\/identimax.com.py\/index.php?rest_route=\/wp\/v2\/product\/2570","targetHints":{"allow":["GET"]}}],"collection":[{"href":"https:\/\/identimax.com.py\/index.php?rest_route=\/wp\/v2\/product"}],"about":[{"href":"https:\/\/identimax.com.py\/index.php?rest_route=\/wp\/v2\/types\/product"}],"wp:featuredmedia":[{"embeddable":true,"href":"https:\/\/identimax.com.py\/index.php?rest_route=\/wp\/v2\/media\/2631"}],"wp:attachment":[{"href":"https:\/\/identimax.com.py\/index.php?rest_route=%2Fwp%2Fv2%2Fmedia&parent=2570"}],"wp:term":[{"taxonomy":"product_brand","embeddable":true,"href":"https:\/\/identimax.com.py\/index.php?rest_route=%2Fwp%2Fv2%2Fproduct_brand&post=2570"},{"taxonomy":"product_cat","embeddable":true,"href":"https:\/\/identimax.com.py\/index.php?rest_route=%2Fwp%2Fv2%2Fproduct_cat&post=2570"},{"taxonomy":"product_tag","embeddable":true,"href":"https:\/\/identimax.com.py\/index.php?rest_route=%2Fwp%2Fv2%2Fproduct_tag&post=2570"}],"curies":[{"name":"wp","href":"https:\/\/api.w.org\/{rel}","templated":true}]}}