{"id":2544,"date":"2026-01-27T00:16:41","date_gmt":"2026-01-27T00:16:41","guid":{"rendered":"https:\/\/identimax.com.py\/index.php\/product\/lectores-hid-signo\/"},"modified":"2026-02-03T17:58:34","modified_gmt":"2026-02-03T17:58:34","slug":"lectores-hid-signo","status":"publish","type":"product","link":"https:\/\/identimax.com.py\/?product=lectores-hid-signo","title":{"rendered":"Lectores HID Signo"},"content":{"rendered":"<p>Con un dise\u00f1o minimalista que realza cualquier fachada, los lectores Signo no solo se ven bien, sino que son extremadamente potentes. Incluyen detecci\u00f3n autom\u00e1tica de superficie para calibrar la lectura y asegurar el mejor rendimiento, ya sea sobre metal o madera.<\/p>\n<p>Preparado para el futuro: se gestiona y actualiza desde la nube, asegurando que tu inversi\u00f3n dure a\u00f1os.<\/p>\n","protected":false},"excerpt":{"rendered":"<p><strong>El futuro del control de acceso ya lleg\u00f3.<\/strong><br \/>\nSigno es la l\u00ednea insignia de HID. Dise\u00f1o moderno, elegante y preparado para el mundo m\u00f3vil. Trae Bluetooth y NFC nativos para que tus empleados entren usando su celular o reloj inteligente. Es el lector m\u00e1s r\u00e1pido y seguro que HID ha fabricado.<\/p>\n","protected":false},"featured_media":3092,"template":"","meta":{"_joinchat":[]},"product_brand":[344],"product_cat":[74],"product_tag":[343],"class_list":{"0":"post-2544","1":"product","2":"type-product","3":"status-publish","4":"has-post-thumbnail","6":"product_brand-hid","7":"product_cat-control-de-acceso","8":"product_tag-hid","10":"first","11":"instock","12":"shipping-taxable","13":"product-type-simple"},"_links":{"self":[{"href":"https:\/\/identimax.com.py\/index.php?rest_route=\/wp\/v2\/product\/2544","targetHints":{"allow":["GET"]}}],"collection":[{"href":"https:\/\/identimax.com.py\/index.php?rest_route=\/wp\/v2\/product"}],"about":[{"href":"https:\/\/identimax.com.py\/index.php?rest_route=\/wp\/v2\/types\/product"}],"wp:featuredmedia":[{"embeddable":true,"href":"https:\/\/identimax.com.py\/index.php?rest_route=\/wp\/v2\/media\/3092"}],"wp:attachment":[{"href":"https:\/\/identimax.com.py\/index.php?rest_route=%2Fwp%2Fv2%2Fmedia&parent=2544"}],"wp:term":[{"taxonomy":"product_brand","embeddable":true,"href":"https:\/\/identimax.com.py\/index.php?rest_route=%2Fwp%2Fv2%2Fproduct_brand&post=2544"},{"taxonomy":"product_cat","embeddable":true,"href":"https:\/\/identimax.com.py\/index.php?rest_route=%2Fwp%2Fv2%2Fproduct_cat&post=2544"},{"taxonomy":"product_tag","embeddable":true,"href":"https:\/\/identimax.com.py\/index.php?rest_route=%2Fwp%2Fv2%2Fproduct_tag&post=2544"}],"curies":[{"name":"wp","href":"https:\/\/api.w.org\/{rel}","templated":true}]}}