{"id":2507,"date":"2026-01-26T23:54:17","date_gmt":"2026-01-26T23:54:17","guid":{"rendered":"https:\/\/identimax.com.py\/index.php\/product\/impresora-de-escritorio-zebra-zd421\/"},"modified":"2026-01-28T22:39:14","modified_gmt":"2026-01-28T22:39:14","slug":"impresora-de-escritorio-zebra-zd421","status":"publish","type":"product","link":"https:\/\/identimax.com.py\/?product=impresora-de-escritorio-zebra-zd421","title":{"rendered":"Impresora de escritorio Zebra ZD421"},"content":{"rendered":"<p>La ZD421 es una impresora \u00aba prueba de futuro\u00bb. Su gu\u00eda de medios y sensores m\u00f3viles la hacen compatible con casi cualquier tipo de etiqueta. Adem\u00e1s, cuenta con 5 iconos LED de estado que te dicen exactamente qu\u00e9 pasa (si falta papel, si est\u00e1 en pausa, etc.), eliminando las adivinanzas.<\/p>\n<p>Disponible en versiones de transferencia t\u00e9rmica, t\u00e9rmica directa y hasta cartucho de cinta para una carga en 3 segundos a prueba de errores.<\/p>\n","protected":false},"excerpt":{"rendered":"<p><strong>El nuevo est\u00e1ndar en impresi\u00f3n de escritorio avanzada.<\/strong><br \/>\nSucesora de la popular GK420, la ZD421 es m\u00e1s potente, m\u00e1s segura y m\u00e1s f\u00e1cil de usar. Viene con una arquitectura innovadora que te permite agregar conectividad (como Wi-Fi o Serial) en el campo, adapt\u00e1ndose a las necesidades cambiantes de tu negocio.<\/p>\n","protected":false},"featured_media":2815,"template":"","meta":{"_joinchat":[]},"product_brand":[70],"product_cat":[78],"product_tag":[88],"class_list":{"0":"post-2507","1":"product","2":"type-product","3":"status-publish","4":"has-post-thumbnail","6":"product_brand-zebra","7":"product_cat-impresoras-de-etiquetas","8":"product_tag-zebra","10":"first","11":"instock","12":"shipping-taxable","13":"product-type-simple"},"_links":{"self":[{"href":"https:\/\/identimax.com.py\/index.php?rest_route=\/wp\/v2\/product\/2507","targetHints":{"allow":["GET"]}}],"collection":[{"href":"https:\/\/identimax.com.py\/index.php?rest_route=\/wp\/v2\/product"}],"about":[{"href":"https:\/\/identimax.com.py\/index.php?rest_route=\/wp\/v2\/types\/product"}],"wp:featuredmedia":[{"embeddable":true,"href":"https:\/\/identimax.com.py\/index.php?rest_route=\/wp\/v2\/media\/2815"}],"wp:attachment":[{"href":"https:\/\/identimax.com.py\/index.php?rest_route=%2Fwp%2Fv2%2Fmedia&parent=2507"}],"wp:term":[{"taxonomy":"product_brand","embeddable":true,"href":"https:\/\/identimax.com.py\/index.php?rest_route=%2Fwp%2Fv2%2Fproduct_brand&post=2507"},{"taxonomy":"product_cat","embeddable":true,"href":"https:\/\/identimax.com.py\/index.php?rest_route=%2Fwp%2Fv2%2Fproduct_cat&post=2507"},{"taxonomy":"product_tag","embeddable":true,"href":"https:\/\/identimax.com.py\/index.php?rest_route=%2Fwp%2Fv2%2Fproduct_tag&post=2507"}],"curies":[{"name":"wp","href":"https:\/\/api.w.org\/{rel}","templated":true}]}}