{"id":2459,"date":"2026-01-26T23:17:23","date_gmt":"2026-01-26T23:17:23","guid":{"rendered":"https:\/\/identimax.com.py\/index.php\/product\/zebra-rs2100\/"},"modified":"2026-01-29T22:44:35","modified_gmt":"2026-01-29T22:44:35","slug":"zebra-rs2100","status":"publish","type":"product","link":"https:\/\/identimax.com.py\/?product=zebra-rs2100","title":{"rendered":"Lector vestible Zebra RS2100"},"content":{"rendered":"<ul>\n<li><b>Dise\u00f1o innovador:<\/b> Montaje en dorso de mano, palma libre.<\/li>\n<li><b>Talle \u00fanico:<\/b> No reneg\u00e1s con correas de distintos tama\u00f1os.<\/li>\n<li><b>Perfil bajo:<\/b> Evita golpes accidentales contra estanter\u00edas.<\/li>\n<\/ul>\n","protected":false},"excerpt":{"rendered":"<p><strong>El wearable m\u00e1s peque\u00f1o del mercado. Innovaci\u00f3n total.<\/strong><br \/>\nSe coloca en el dorso de la mano, dejando la palma totalmente libre para manipular cajas. Es tan peque\u00f1o y c\u00f3modo que mejora la experiencia del trabajador al instante. Lectura r\u00e1pida y montaje universal talle \u00fanico.<\/p>\n","protected":false},"featured_media":2955,"template":"","meta":{"_joinchat":[]},"product_brand":[70],"product_cat":[75],"product_tag":[88],"class_list":{"0":"post-2459","1":"product","2":"type-product","3":"status-publish","4":"has-post-thumbnail","6":"product_brand-zebra","7":"product_cat-lectores-capturadores","8":"product_tag-zebra","10":"first","11":"instock","12":"shipping-taxable","13":"product-type-simple"},"_links":{"self":[{"href":"https:\/\/identimax.com.py\/index.php?rest_route=\/wp\/v2\/product\/2459","targetHints":{"allow":["GET"]}}],"collection":[{"href":"https:\/\/identimax.com.py\/index.php?rest_route=\/wp\/v2\/product"}],"about":[{"href":"https:\/\/identimax.com.py\/index.php?rest_route=\/wp\/v2\/types\/product"}],"wp:featuredmedia":[{"embeddable":true,"href":"https:\/\/identimax.com.py\/index.php?rest_route=\/wp\/v2\/media\/2955"}],"wp:attachment":[{"href":"https:\/\/identimax.com.py\/index.php?rest_route=%2Fwp%2Fv2%2Fmedia&parent=2459"}],"wp:term":[{"taxonomy":"product_brand","embeddable":true,"href":"https:\/\/identimax.com.py\/index.php?rest_route=%2Fwp%2Fv2%2Fproduct_brand&post=2459"},{"taxonomy":"product_cat","embeddable":true,"href":"https:\/\/identimax.com.py\/index.php?rest_route=%2Fwp%2Fv2%2Fproduct_cat&post=2459"},{"taxonomy":"product_tag","embeddable":true,"href":"https:\/\/identimax.com.py\/index.php?rest_route=%2Fwp%2Fv2%2Fproduct_tag&post=2459"}],"curies":[{"name":"wp","href":"https:\/\/api.w.org\/{rel}","templated":true}]}}