{"id":2453,"date":"2026-01-26T23:17:22","date_gmt":"2026-01-26T23:17:22","guid":{"rendered":"https:\/\/identimax.com.py\/index.php\/product\/ds2200\/"},"modified":"2026-01-30T12:15:03","modified_gmt":"2026-01-30T12:15:03","slug":"ds2200","status":"publish","type":"product","link":"https:\/\/identimax.com.py\/?product=ds2200","title":{"rendered":"Lectores de mano Zebra DS2200"},"content":{"rendered":"<ul>\n<li><b>Asequible:<\/b> Tecnolog\u00eda 2D al precio justo.<\/li>\n<li><b>F\u00e1cil de usar:<\/b> Punto de punter\u00eda intuitivo para el cajero.<\/li>\n<li><b>Despliegue r\u00e1pido:<\/b> Configuraci\u00f3n autom\u00e1tica al conectar.<\/li>\n<\/ul>\n","protected":false},"excerpt":{"rendered":"<p><strong>El salto al 2D m\u00e1s accesible y efectivo.<\/strong><br \/>\nSi todav\u00eda us\u00e1s esc\u00e1neres 1D, te est\u00e1s quedando atr\u00e1s. La serie DS2200 te permite leer c\u00f3digos QR y pantallas a un precio muy cercano al de un lector b\u00e1sico. Es pre-configurado y listo para usar en cuanto lo sac\u00e1s de la caja.<\/p>\n","protected":false},"featured_media":2968,"template":"","meta":{"_joinchat":[]},"product_brand":[70],"product_cat":[75],"product_tag":[88],"class_list":{"0":"post-2453","1":"product","2":"type-product","3":"status-publish","4":"has-post-thumbnail","6":"product_brand-zebra","7":"product_cat-lectores-capturadores","8":"product_tag-zebra","10":"first","11":"instock","12":"shipping-taxable","13":"product-type-simple"},"_links":{"self":[{"href":"https:\/\/identimax.com.py\/index.php?rest_route=\/wp\/v2\/product\/2453","targetHints":{"allow":["GET"]}}],"collection":[{"href":"https:\/\/identimax.com.py\/index.php?rest_route=\/wp\/v2\/product"}],"about":[{"href":"https:\/\/identimax.com.py\/index.php?rest_route=\/wp\/v2\/types\/product"}],"wp:featuredmedia":[{"embeddable":true,"href":"https:\/\/identimax.com.py\/index.php?rest_route=\/wp\/v2\/media\/2968"}],"wp:attachment":[{"href":"https:\/\/identimax.com.py\/index.php?rest_route=%2Fwp%2Fv2%2Fmedia&parent=2453"}],"wp:term":[{"taxonomy":"product_brand","embeddable":true,"href":"https:\/\/identimax.com.py\/index.php?rest_route=%2Fwp%2Fv2%2Fproduct_brand&post=2453"},{"taxonomy":"product_cat","embeddable":true,"href":"https:\/\/identimax.com.py\/index.php?rest_route=%2Fwp%2Fv2%2Fproduct_cat&post=2453"},{"taxonomy":"product_tag","embeddable":true,"href":"https:\/\/identimax.com.py\/index.php?rest_route=%2Fwp%2Fv2%2Fproduct_tag&post=2453"}],"curies":[{"name":"wp","href":"https:\/\/api.w.org\/{rel}","templated":true}]}}