{"id":2426,"date":"2026-01-26T23:01:49","date_gmt":"2026-01-26T23:01:49","guid":{"rendered":"https:\/\/identimax.com.py\/index.php\/product\/zebra-wt6400\/"},"modified":"2026-01-28T21:03:13","modified_gmt":"2026-01-28T21:03:13","slug":"zebra-wt6400","status":"publish","type":"product","link":"https:\/\/identimax.com.py\/?product=zebra-wt6400","title":{"rendered":"ZEBRA WT6400"},"content":{"rendered":"<ul>\n<li><b>Visualizaci\u00f3n mejorada:<\/b> Pantalla amplia t\u00e1ctil.<\/li>\n<li><b>Ergonom\u00eda avanzada:<\/b> Ajuste optimizado al brazo.<\/li>\n<li><b>Rendimiento:<\/b> Procesador avanzado y conectividad Wi-Fi 6E.<\/li>\n<\/ul>\n","protected":false},"excerpt":{"rendered":"<p><strong>La nueva generaci\u00f3n en computaci\u00f3n vestible.<\/strong><br \/>\nDise\u00f1ada para maximizar el confort en entornos de e-commerce de alto volumen. Cuenta con una pantalla m\u00e1s amplia para mejor visualizaci\u00f3n y una ergonom\u00eda optimizada que asegura la comodidad del operario durante todo el turno.<\/p>\n","protected":false},"featured_media":2802,"template":"","meta":{"_joinchat":[]},"product_brand":[70],"product_cat":[81],"product_tag":[88],"class_list":{"0":"post-2426","1":"product","2":"type-product","3":"status-publish","4":"has-post-thumbnail","6":"product_brand-zebra","7":"product_cat-computo-movil","8":"product_tag-zebra","10":"first","11":"instock","12":"shipping-taxable","13":"product-type-simple"},"_links":{"self":[{"href":"https:\/\/identimax.com.py\/index.php?rest_route=\/wp\/v2\/product\/2426","targetHints":{"allow":["GET"]}}],"collection":[{"href":"https:\/\/identimax.com.py\/index.php?rest_route=\/wp\/v2\/product"}],"about":[{"href":"https:\/\/identimax.com.py\/index.php?rest_route=\/wp\/v2\/types\/product"}],"wp:featuredmedia":[{"embeddable":true,"href":"https:\/\/identimax.com.py\/index.php?rest_route=\/wp\/v2\/media\/2802"}],"wp:attachment":[{"href":"https:\/\/identimax.com.py\/index.php?rest_route=%2Fwp%2Fv2%2Fmedia&parent=2426"}],"wp:term":[{"taxonomy":"product_brand","embeddable":true,"href":"https:\/\/identimax.com.py\/index.php?rest_route=%2Fwp%2Fv2%2Fproduct_brand&post=2426"},{"taxonomy":"product_cat","embeddable":true,"href":"https:\/\/identimax.com.py\/index.php?rest_route=%2Fwp%2Fv2%2Fproduct_cat&post=2426"},{"taxonomy":"product_tag","embeddable":true,"href":"https:\/\/identimax.com.py\/index.php?rest_route=%2Fwp%2Fv2%2Fproduct_tag&post=2426"}],"curies":[{"name":"wp","href":"https:\/\/api.w.org\/{rel}","templated":true}]}}