{"id":2425,"date":"2026-01-26T23:01:48","date_gmt":"2026-01-26T23:01:48","guid":{"rendered":"https:\/\/identimax.com.py\/index.php\/product\/zebra-wt6300\/"},"modified":"2026-01-28T20:59:36","modified_gmt":"2026-01-28T20:59:36","slug":"zebra-wt6300","status":"publish","type":"product","link":"https:\/\/identimax.com.py\/?product=zebra-wt6300","title":{"rendered":"ZEBRA WT6300"},"content":{"rendered":"<ul>\n<li><b>Manos libres:<\/b> Mayor velocidad y seguridad en el manejo de carga.<\/li>\n<li><b>Bajo perfil:<\/b> Dise\u00f1o ligero que no interfiere con el movimiento.<\/li>\n<li><b>Interfaz intuitiva:<\/b> Pantalla t\u00e1ctil con Android.<\/li>\n<\/ul>\n","protected":false},"excerpt":{"rendered":"<p><strong>Libertad de manos para un picking veloz.<\/strong><br \/>\nOptimiz\u00e1 tus tiempos de preparaci\u00f3n de pedidos. La WT6300 se monta c\u00f3modamente en la mu\u00f1eca, dejando ambas manos libres para manipular la carga, lo que se traduce en un aumento inmediato de la productividad y seguridad.<\/p>\n","protected":false},"featured_media":2795,"template":"","meta":{"_joinchat":[]},"product_brand":[70],"product_cat":[81],"product_tag":[88],"class_list":{"0":"post-2425","1":"product","2":"type-product","3":"status-publish","4":"has-post-thumbnail","6":"product_brand-zebra","7":"product_cat-computo-movil","8":"product_tag-zebra","10":"first","11":"instock","12":"shipping-taxable","13":"product-type-simple"},"_links":{"self":[{"href":"https:\/\/identimax.com.py\/index.php?rest_route=\/wp\/v2\/product\/2425","targetHints":{"allow":["GET"]}}],"collection":[{"href":"https:\/\/identimax.com.py\/index.php?rest_route=\/wp\/v2\/product"}],"about":[{"href":"https:\/\/identimax.com.py\/index.php?rest_route=\/wp\/v2\/types\/product"}],"wp:featuredmedia":[{"embeddable":true,"href":"https:\/\/identimax.com.py\/index.php?rest_route=\/wp\/v2\/media\/2795"}],"wp:attachment":[{"href":"https:\/\/identimax.com.py\/index.php?rest_route=%2Fwp%2Fv2%2Fmedia&parent=2425"}],"wp:term":[{"taxonomy":"product_brand","embeddable":true,"href":"https:\/\/identimax.com.py\/index.php?rest_route=%2Fwp%2Fv2%2Fproduct_brand&post=2425"},{"taxonomy":"product_cat","embeddable":true,"href":"https:\/\/identimax.com.py\/index.php?rest_route=%2Fwp%2Fv2%2Fproduct_cat&post=2425"},{"taxonomy":"product_tag","embeddable":true,"href":"https:\/\/identimax.com.py\/index.php?rest_route=%2Fwp%2Fv2%2Fproduct_tag&post=2425"}],"curies":[{"name":"wp","href":"https:\/\/api.w.org\/{rel}","templated":true}]}}