{"id":2422,"date":"2026-01-26T23:01:48","date_gmt":"2026-01-26T23:01:48","guid":{"rendered":"https:\/\/identimax.com.py\/index.php\/product\/zebra-mc9400-mc9450\/"},"modified":"2026-01-28T18:05:22","modified_gmt":"2026-01-28T18:05:22","slug":"zebra-mc9400-mc9450","status":"publish","type":"product","link":"https:\/\/identimax.com.py\/?product=zebra-mc9400-mc9450","title":{"rendered":"ZEBRA MC9400\/MC9450"},"content":{"rendered":"<ul>\n<li><b>M\u00e1ximo rendimiento:<\/b> 5G y Wi-Fi 6E para aplicaciones avanzadas.<\/li>\n<li><b>Alcance extremo:<\/b> Motor SE58 para lecturas hasta 30 metros.<\/li>\n<li><b>Robustez total:<\/b> Certificaci\u00f3n IP68 (Sumergible).<\/li>\n<\/ul>\n","protected":false},"excerpt":{"rendered":"<p><strong>El est\u00e1ndar industrial, evolucionado con 5G.<\/strong><br \/>\nLa computadora tipo pistola m\u00e1s confiable del mundo ahora est\u00e1 lista para el futuro. Preparada para aplicaciones de IA y Realidad Aumentada, ofrece el m\u00e1ximo rendimiento de escaneo y conectividad para las operaciones de almac\u00e9n m\u00e1s exigentes.<\/p>\n","protected":false},"featured_media":2760,"template":"","meta":{"_joinchat":[]},"product_brand":[70],"product_cat":[81],"product_tag":[88],"class_list":{"0":"post-2422","1":"product","2":"type-product","3":"status-publish","4":"has-post-thumbnail","6":"product_brand-zebra","7":"product_cat-computo-movil","8":"product_tag-zebra","10":"first","11":"instock","12":"shipping-taxable","13":"product-type-simple"},"_links":{"self":[{"href":"https:\/\/identimax.com.py\/index.php?rest_route=\/wp\/v2\/product\/2422","targetHints":{"allow":["GET"]}}],"collection":[{"href":"https:\/\/identimax.com.py\/index.php?rest_route=\/wp\/v2\/product"}],"about":[{"href":"https:\/\/identimax.com.py\/index.php?rest_route=\/wp\/v2\/types\/product"}],"wp:featuredmedia":[{"embeddable":true,"href":"https:\/\/identimax.com.py\/index.php?rest_route=\/wp\/v2\/media\/2760"}],"wp:attachment":[{"href":"https:\/\/identimax.com.py\/index.php?rest_route=%2Fwp%2Fv2%2Fmedia&parent=2422"}],"wp:term":[{"taxonomy":"product_brand","embeddable":true,"href":"https:\/\/identimax.com.py\/index.php?rest_route=%2Fwp%2Fv2%2Fproduct_brand&post=2422"},{"taxonomy":"product_cat","embeddable":true,"href":"https:\/\/identimax.com.py\/index.php?rest_route=%2Fwp%2Fv2%2Fproduct_cat&post=2422"},{"taxonomy":"product_tag","embeddable":true,"href":"https:\/\/identimax.com.py\/index.php?rest_route=%2Fwp%2Fv2%2Fproduct_tag&post=2422"}],"curies":[{"name":"wp","href":"https:\/\/api.w.org\/{rel}","templated":true}]}}